4
Suppose -2*r = 2*r - 524. Let k be (5/20*-127)/(1/4). Let p = k + r. What is the remainder when 32 is divided by p?
0
Let j be 155/1023*(-333)/(-3) + 4/22. Let i(o) = 15*o + 8. Let x be i(6). Suppose j*g - x = 3*g. Calculate the remainder when 26 is divided by g.
5
Let y(w) = 13*w + 3. Suppose -15 = 3*s - 8*s. Calculate the remainder when y(s) is divided by -53 - 10545/(-222) - (-82)/4.
12
Let y(h) = 18*h - 6 - 5 - h**2 - 2 - 16. Suppose 2*r - 3*r + 44 = 0. What is the remainder when r is divided by y(15)?
12
Let f = 602 - 570. What is the remainder when 699 is divided by f?
27
Suppose -155*v - 5049 = -166*v. Calculate the remainder when v is divided by 77.
74
Let a(y) = 2*y**2 + 809*y + 74070. Suppose 0*t - t + 3 = 0. Suppose -w = t*p + p - 6, -3*w = -2*p - 18. What is the remainder when a(-140) is divided by w?
4
Let t = 791 + -578. Calculate the remainder when 595 is divided by t.
169
Let x(j) = j**3 + 3*j**2 + 3*j + 6. Let f be x(-4). Suppose 133*i = 131*i + 80. Let o = f + i. Calculate the remainder when 31 is divided by o.
13
Calculate the remainder when (-4 - -1*2006)*(-1141)/(-326) is divided by 5.
2
Suppose 4*i = 5*q - 297, -5*q = 55*i - 57*i - 321. Calculate the remainder when (-2)/((-1)/137 - 0) is divided by q.
67
Let h = -3180 - -3192. What is the remainder when 52 is divided by h?
4
Let f = 138 - -26. Let x = -145 + f. What is the remainder when 73 is divided by x?
16
Suppose 47845 - 75774 = -92*j + 69315. Calculate the remainder when j is divided by 59.
54
Let k(b) = b + 6. Let f be (-99)/6*(-6)/9*1. Let h = -161 - -225. What is the remainder when h is divided by k(f)?
13
Let j be 1 + (3 - 2) + 2. Suppose -3*w + 8 = -j*v, -4 = 5*v - 9. What is the remainder when w is divided by ((-30)/20)/((-1)/2)?
1
Let b = 4434 - 3643. Calculate the remainder when b is divided by 53.
49
Calculate the remainder when 652 is divided by 3*54368/768 + (-10)/(-16).
13
Let q(p) = -p**2 + 11*p - 8. Let w be q(10). Suppose 4*a = -4*a + w*a. Suppose 3*m - 2*m - 24 = a. What is the remainder when 70 is divided by m?
22
Let r = 99971 - 99930. Suppose -f = -v + 12, 2*v + 4*f - 13 + 1 = 0. Calculate the remainder when r is divided by v.
1
Suppose 0 = 4*a - 3*j + j - 282, 2*a - 144 = -2*j. What is the remainder when a is divided by (-102)/(-9) + 4*(-2)/(-12)?
11
Let w(s) = -s**2 - s + 7. Let z be w(-6). Let q = 553 - 554. Let b = q - z. What is the remainder when 86 is divided by b?
20
Suppose 4*v - 38 = -5*s, v - 46 = -3*v - s. Suppose 3*w + 2*t = -0*t + 172, 3*t + v = 0. Suppose 10*z = 7*z + w. What is the remainder when 37 is divided by z?
17
Suppose -2*v - 3*h - 77 = -375, 0 = v - 4*h - 182. What is the remainder when v is divided by 20?
18
Calculate the remainder when 207 is divided by (-3 - (-16 - -1))*(7 - 1).
63
Let p be 1/((-5)/((-215)/1)). Let s = 44 - p. Calculate the remainder when (38 - 7)/(s - 0) is divided by 8.
7
Let p(t) = t**2 - 14*t + 20. Let w = -43 - -58. Suppose -2*o = -u - 212, o - 28*u - 84 = -33*u. Calculate the remainder when o is divided by p(w).
34
Let m = 3411 + -3410. Suppose -g = -0*g + 32. Calculate the remainder when 39 is divided by (-6 + (m - 0))/(8/g).
19
Suppose 0 = 4*h + 4*l - 43 - 5, -h + 12 = -l. Calculate the remainder when (4 + (-376)/(-20))/(432/1440) is divided by h.
4
Suppose 106*z - 44*z = 3658. Calculate the remainder when z is divided by (-84)/(-18) + (-4)/6.
3
Let q be 10/2 - (-8)/(-4). Let j(o) = 16*o - 3. Let h = -2037 - -2049. Calculate the remainder when j(q) is divided by h.
9
Let j(f) = 76*f - 296. What is the remainder when j(9) is divided by 223?
165
Suppose 4*u - 233 = 3*u. Let w(k) = k**3 - 6*k - 2*k**2 - 9*k + 347 - 342. What is the remainder when u is divided by w(6)?
56
Let t = -2399 + 2775. Calculate the remainder when 379 is divided by t.
3
Suppose 750*u - 678*u - 2808 = 0. Calculate the remainder when 328 is divided by u.
16
Let n = 1 + 33. Let z(k) = 4*k**2 - 7*k + 49. Let q be z(6). Let v = q + -53. What is the remainder when v is divided by n?
30
Let b(j) = 31*j - 245. Let w be b(8). What is the remainder when 10 is divided by -3 + 12 + -7*w/(-21)?
0
Let s = 316 + -218. Suppose -104*t + 708 = -s*t. Let m = t + -70. Calculate the remainder when m is divided by 26.
22
Suppose -414 = -5*x + 171. Let n = -1 + 1. Suppose n = 3*y - 0*y - x. What is the remainder when y is divided by 21?
18
Let h = -62 - -94. Let g = h - 24. Suppose -180 = 3*b - g*b. What is the remainder when b is divided by 13?
10
Let l = 3952 + -3810. Calculate the remainder when l is divided by 23.
4
Suppose 6*o = 52 - 4. Suppose 0 = -2*r - 4*x + 3*x + o, -4*r + 2*x + 24 = 0. What is the remainder when (8/20 - 1)*-32*r is divided by 33?
30
Let x(a) = -a**2 + 16*a + 6. Suppose 20 = 3*r + 7*r. Suppose -r*j - 24 = -3*j. What is the remainder when x(8) is divided by j?
22
Let q = -272 + 70. Let u(i) = i + 24. Calculate the remainder when u(0) is divided by 2/(-11) - q/22.
6
Let m = 11001 + -8507. What is the remainder when m is divided by 12?
10
Suppose -4*v + 9*v - 25 = 0. Let r(z) = 1 + 4 + 3 - 2*z - v. Calculate the remainder when 43 is divided by r(-6).
13
What is the remainder when (-1376 - 17)/7*5*-1 is divided by 166?
165
Suppose -3*q - 4*g - 17 = -144, -162 = -3*q + 3*g. Calculate the remainder when q is divided by 27 - -2 - -3*(-3)/3.
23
Suppose a = j + 2*j - 41, -2*a = 4*j - 58. What is the remainder when (840/(-10))/(9/(-12)) - (-15 - -3) is divided by 256/j - 4/14?
16
Let o be (-1 + -14)/(-5) + 577. Suppose 214*g + o = 219*g. What is the remainder when g is divided by 12?
8
Let w = 25 + -17. Suppose 5*i + 80 = 5*c + 540, -c = 4*i + 82. Let r = c - -104. What is the remainder when r is divided by w?
6
Let j(m) = 3*m**3 - 20 + 27 - 3*m**2 - 3*m + 10*m - 4*m**3. Let u(i) = 2*i**2 - 22*i - 165. What is the remainder when j(-6) is divided by u(-6)?
34
Let o(c) = 7*c**2 - 110*c + 371. What is the remainder when 2 + -1 + (468 - -3) is divided by o(4)?
42
Suppose 4*g - 2*u = 62, -3*u - 12 = -4*g + 51. Suppose -r + a + 164 = -0*r, 4*a = -4*r + 672. Let v = 238 - r. Calculate the remainder when v is divided by g.
12
Let i(z) = 2*z**2 - 38*z - 729. Calculate the remainder when 307 is divided by i(-13).
101
Suppose -340 = 9*o - 1366. Calculate the remainder when o is divided by 86.
28
Let j = 9862 - 9821. Let g(s) = 5*s + 1. Calculate the remainder when j is divided by g(2).
8
Let v = -7 - -18. Let d(k) = -266*k + 1395. Calculate the remainder when d(5) is divided by v.
10
What is the remainder when 2047 is divided by 26/(-7)*(-1659)/632 - 1/(-4)?
7
Suppose 5*x - 2 = a, -1 = 3*x + a + 1. Suppose -139 = 18*r + 97 + 88. What is the remainder when 32 is divided by x + 20/2 + r/(-6)?
6
Let p(h) = h**3 + 80*h**2 - 9*h - 493. What is the remainder when p(-80) is divided by 8?
3
Let t(q) = q**3 - 7*q**2 + 7*q - 3. Let r = -70 - -73. What is the remainder when -1 + 12*4/r is divided by t(6)?
0
Let t(u) = 22*u - 9. Let g(x) = -x**3 + 9*x**2 + 7*x + 1. Let d(q) = 2*q + 5. Let i be d(2). Calculate the remainder when g(i) is divided by t(1).
12
Let h = -13 + 37. What is the remainder when -1*h*-1*(-24)/(-9) is divided by ((-3)/(-6))/((-2)/(-52))?
12
What is the remainder when 3 + (2893 - 0 - (5 - 0)) is divided by 193?
189
Suppose -29*n + 24*n = -440. Suppose 93*i - 235 = n*i. Calculate the remainder when i is divided by 6.
5
Let z(w) = w**2 + 59*w + 856. Calculate the remainder when z(-37) is divided by 1*(3 - 2)*13.
3
Suppose 5*u - 427 = 4*h, -346 = -4*u + 309*h - 308*h. Calculate the remainder when u is divided by 20.
7
Suppose 5*h + 9 = -z, -5*z - 19 = -h - 0*z. Let m(i) = 48*i**3 - i + 1. Let x be m(h). Let r = -30 - x. Calculate the remainder when 47 is divided by r.
15
Let g(l) = 6*l**2 + 13*l - 28. Let n = -20 + 11. Calculate the remainder when g(n) is divided by 9.
8
Suppose 353*t - 12776 - 2290 = 74*t. Let h = -3 + 11. Calculate the remainder when t is divided by h.
6
Suppose 5*y - 307 = 2*b - 30, -230 = -4*y + 3*b. What is the remainder when 249 is divided by y?
37
Calculate the remainder when (-5812)/(-6) - (-6 - 598/(-78)) is divided by 277.
136
Let h(o) = o**3 - 28*o**2 + 27*o + 7. Let q be h(27). Suppose 14 - 84 = -q*c. Calculate the remainder when 59 is divided by c.
9
Suppose 16*q - 6*q = 350. Let z be (44/(-3))/(3428/(